
Let u(a) = 950*a**2 - 25*a + 106. What is the units digit of u(4)?
6
Let d(z) = 24*z**2 - 8*z + 6. Let w be d(3). Let y = w + -79. What is the hundreds digit of y?
1
Suppose 16*w - 13 = 19. Let b(i) be the first derivative of 11*i**2/2 - 2*i + 3. What is the tens digit of b(w)?
2
Suppose 3*s - 6*t = -7*t + 16, -20 = -2*s + 4*t. Let c(y) = 4*y + 1. Let w be c(0). What is the tens digit of 2 + s*(w - (-110)/6)?
1
Let d(v) = -19*v**3 + 3*v**2 - 58*v - 28. What is the thousands digit of d(-7)?
7
Let c(t) = 92*t + 105. Let m be c(-8). Let u = m + 933. What is the hundreds digit of u?
3
Suppose 5*w + 11 + 4 = 0. Let d be (w - -3) + (-268)/(-4). Suppose -2*f + a + d = 0, -4*f - 21 = -a - 152. What is the tens digit of f?
3
Let u be (1/(-2))/(232/48 + -5). Suppose 5*i - 2751 = -4*t, -u*i = -0*t - 4*t - 1625. What is the units digit of i?
7
Let p(k) = -k**2 + 31*k - 53. Let t be p(29). Suppose -5*r - 1370 = -5*v, 0*v - 2*v + t*r = -539. What is the units digit of v?
7
What is the thousands digit of (-2)/(-4)*-149*-222?
6
Suppose -3*k + l - 93 + 0 = 0, -5*l - 31 = k. Let j = -46 - k. Let t = j - -39. What is the units digit of t?
4
Let k = 28314 - 11293. What is the ten thousands digit of k?
1
Let a(u) = -5*u**2 - 15*u + 87. Let m(k) = -k**2 + k - 3. Let i(x) = -a(x) + 4*m(x). What is the units digit of i(7)?
3
Suppose -6576 = -14*g + 8292. Suppose -4*f + g = -3*v, 2*f - 3*v = -3*f + 1326. Let l = -14 + f. What is the hundreds digit of l?
2
Let p(q) = -q**3 - 2*q + 3. Let g be p(-3). Let w be (g/15)/((-3)/(-75)*5). Suppose 2649 - 309 = w*f. What is the hundreds digit of f?
1
Suppose 3*l - 2*i = 27892 - 6664, -3*i + 9 = 0. What is the tens digit of l?
7
Let w(u) = -2*u**3 + u**2 + 1048. What is the thousands digit of w(0)?
1
Suppose 5*f + 2*k - 24691 - 11406 = 0, -4*f = 8*k - 28820. What is the tens digit of f?
2
Let u be 190775/117 - 13 - (-4)/9. Suppose 5*f + v = u, -f + v = -143 - 177. What is the units digit of f?
3
Suppose -729*d + 6*o + 118476 = -724*d, 5*d + 2*o = 118428. What is the hundreds digit of d?
6
Let v(i) = -i**3 - 15*i**2 + 8*i + 27. Let r be v(-12). Let y = r - -1609. What is the tens digit of y/8 + 5/(-10)?
3
Suppose -c = -0*c + 68. What is the tens digit of (12 - -9)/((-2)/c)?
1
Let m = -815 + 802. Let d(p) = 9*p**2 - 19*p - 43. What is the units digit of d(m)?
5
Suppose 2*r = -3*r + 3*v + 22, 5*v = 3*r - 10. Suppose 4*q - r*q - 6 = 0. What is the units digit of (-6)/(-9)*(q/4 - -3)?
1
Suppose 41 = -21*q - 484. What is the units digit of (-903)/(-12) + (q/20 - -1)?
5
Let h = 34252 + -7685. What is the thousands digit of h?
6
Suppose -10*d + 24 = -2*d. Let s(b) = 29*b + 3*b**3 + d + 32*b - 67*b - 7*b**2. What is the tens digit of s(4)?
5
Suppose 2*r = 5*b - 10*b - 27, 20 = -5*r - 3*b. What is the units digit of (-60)/80 - (8973/(-12) - r)?
6
Suppose 0 = -2*p + 2*a - 826, 4*a = p - a + 393. Let y = 775 + p. What is the hundreds digit of y?
3
Suppose -68*k + 34*k = -33*k - 18472. What is the tens digit of k?
7
Let f = 123 - 97. Let n = 174 + f. What is the units digit of n?
0
Let f = 70 - 68. Let s(j) = 43*j**2 - 9*j + 10. What is the units digit of s(f)?
4
Let n(u) = 328*u**2 - 38*u + 16. What is the ten thousands digit of n(8)?
2
Let i be 66*(-8)/(-112) + (-6)/(-21). Suppose -5*z = i*p - 145, 0 = -p + z + 3 + 36. What is the units digit of p?
4
Suppose 3*s = -6, -116647 = 1586*m - 1589*m - s. What is the units digit of m?
3
Let g be 4 - (4 + 0 - 0). Suppose g*u + 3*u - 126 = 2*n, 0 = -4*u + 3*n + 169. Let t = u - 39. What is the units digit of t?
1
Suppose 26934 = 2*t + 10*s - 13*s, -2*s + 26894 = 2*t. What is the units digit of t?
5
Let g(k) = 9*k**2 + 15*k - 3. Let j be g(5). Suppose 8*a = 19*a - j. What is the tens digit of a?
2
Let n(i) = 1 + 6*i**2 - 11*i + 10*i - 4*i. Let g be n(7). Let u = g - 145. What is the tens digit of u?
1
Let g(j) = j**3 - 10*j**2 + 4*j - 8. Let q be g(9). Let h = -292 + 418. Let k = q + h. What is the units digit of k?
3
Let x(c) = c**3 - 47*c**2 + 80*c - 108. What is the thousands digit of x(50)?
1
Suppose -527*j - 527*j - 79347 = -1057*j. What is the thousands digit of j?
6
Let p = -18 - -24. Suppose 5*z - 2*a + 4 = 23, 0 = 3*a + p. What is the tens digit of -3 + -1 + z + 3 + 101?
0
Let t = 1556 + 17684. What is the ten thousands digit of t?
1
Suppose -3*i = -17*i - 882. Let o = 127 - i. What is the units digit of o?
0
Suppose -35 + 11 = -8*v. Suppose -4*c + 3980 = 4*q, -4*q + 993 = -v*q - c. What is the tens digit of q?
9
Suppose 0 = -22*f + 19*f + 7731. What is the thousands digit of f?
2
Let s(t) = -t**2 - 29*t + 474. Let r be s(-41). Suppose 11 = -5*o + 266. Let v = o - r. What is the tens digit of v?
6
Suppose -s + l - 122 = -3*s, -5*s + 4*l = -318. Let n = 2164 + -2007. Suppose 3*x - 75 = -o, -3*x + s + n = 3*o. What is the tens digit of o?
7
Let q = 27 + -47. Let u be 5/q + (-2)/((-8)/13). What is the units digit of (u - (2 - -2))/((-2)/106)?
3
Let a(v) = -v**3 - 32*v**2 - 22*v - 9. Let u be a(-10). What is the units digit of (u/26)/(1/(-6) + 0)?
9
Let j be ((-1460)/(-14) - -2)/(4/84). Suppose 6*q - j = -6*q. Let k = 38 + q. What is the tens digit of k?
2
Let x = 195 - 1013. Let w = -386 - x. What is the hundreds digit of w?
4
Suppose -306*p = -317*p - 85578 + 240568. What is the thousands digit of p?
4
Let m = -30705 - -60311. What is the thousands digit of m?
9
Let u(r) = 8473*r - 2150. What is the tens digit of u(5)?
1
Let r = -598 + 1141. Let k = r - 31. What is the hundreds digit of k?
5
Let z = 36 + -37. Let m(a) = a + 3. Let g be m(z). What is the hundreds digit of (26 - 0)/(g/10)?
1
Let l be -1*18/42*(0 + 7). Let m be 3 - (181/l)/1*6. Let z = m + -218. What is the units digit of z?
7
Let a = -148 + 68. Let g = 122 - a. What is the units digit of g?
2
Let d(l) = 314*l**2 - 41*l - 18. Let s be d(9). What is the tens digit of s/66 - (-1)/2?
8
Suppose -2*f = -7*f + 200. Let r(j) = j**2 + 182 + 3*j**3 + 62 - f + j - 4*j**3. What is the units digit of r(0)?
4
Let q = 1421 + 8056. What is the units digit of q?
7
Let s = -25 + 6. Let v(m) = 10*m**2 + 23*m + 44. Let f(c) = 3*c**2 + 2. Let t(r) = 3*f(r) - v(r). What is the units digit of t(s)?
8
Suppose -5*u + 18006 = -4*k, -8*k + 10*k = 12. What is the hundreds digit of u?
6
What is the tens digit of -7*15230/(-420)*18?
6
Suppose 9*v + 736 = 17*v. What is the tens digit of v?
9
Suppose -5*h + 15115 = -5*v, -2*h = -13*v + 14*v - 6049. What is the hundreds digit of h?
0
Suppose 30 = 30*q - 24*q. Suppose 5*d - 771 = q*k - 221, -3*d - 3*k = -336. What is the hundreds digit of d?
1
Suppose p + 2 = 5*n + 3, 2*n - p = -1. Suppose n = 4*f - 3*t - 36 + 6, -t = -f + 8. What is the tens digit of (f/4)/((-3)/(-262))?
3
Suppose 0 = l - 4*m - 16, 5*l - 17 = m + 6. Suppose -79 = -l*d + 249. What is the tens digit of d?
8
What is the ten thousands digit of (-255340)/(-14) - ((-38)/(-38) - 20/14)?
1
Let l(u) = -153*u + 19. Let b(k) = -154*k + 20. Let z(i) = 2*b(i) - 3*l(i). Let r be z(6). Suppose 6*x - 419 - r = 0. What is the hundreds digit of x?
2
Let y = 103 + -88. What is the units digit of (-2408)/(-10) + (-4 - (-63)/y)?
1
Let r(l) = -l**2 - 9*l - 19. Let k be r(-3). Suppose 0 = -5*p - 2 + 12. What is the tens digit of 93/((-2)/(-2*(p + k)))?
9
Suppose -3632*y + 114776 = -3624*y. What is the tens digit of y?
4
Let u(r) = -r**3 - 16*r**2 + 7*r - 2. Let o be u(-17). Let c = 111 + o. What is the hundreds digit of c?
2
Suppose -205 + 865 = 10*d. Let n = 72 - d. What is the tens digit of 354/4 + (-1 + -2)/n?
8
Let b(q) = -q**3 - 31*q**2 + 36*q + 30. Let o be b(-33). Suppose d - 118 - o = -2*c, 0 = -3*d + c + 3421. What is the thousands digit of d?
1
Let z be 132/(-44) - (-10)/2. Suppose 636 = 4*n + 3*w, -13*w = -z*n - 15*w + 320. What is the units digit of n?
6
Let u(y) = -70 + 21 - 14*y**2 + 27*y + 51*y**2. What is the units digit of u(6)?
5
Let o(a) = -65*a**3 + a**2 + a. Let w be o(-1). Suppose -22*p = w - 4883. What is the hundreds digit of p?
2
Let z = -294 + -6. Let r = -92 - z. What is the units digit of r?
8
Suppose -5*p - 2015 = -5*s, -10*s = -13*s - p + 1197. Suppose -902 - s = -6*v. What is the units digit of v?
7
Let g(v) = -9737*v + 8173. What is the thousands digit of g(-5)?
6
Let k(r) = r**3 - r**2 + 7*r - 46. Let o be k(-8). Let z = 267 - o